0 + 3*t + 1/12*t**4 - 2/3*t**3. Let w = 15 + -11. Give y(w).
2
Let o(t) be the third derivative of -t**6/120 + t**5/15 + t**4/6 + 5*t**3/6 - 7*t**2. Calculate o(5).
0
Let g(d) be the first derivative of -d**4/12 + d**3/6 + 6*d + 6. Let w(l) be the first derivative of g(l). Calculate w(4).
-12
Let t(y) = -y - y + y - 7. Let v be t(-7). Let p be (-1 + v)/((-2)/12). Let z(b) = b**2 - 4*b - 6. What is z(p)?
6
Let t(v) = 6*v**2 + 4 - v**3 + 5*v**3 + 6*v - 5*v**3 + 2*v**3. Calculate t(-5).
-1
Let a(t) = 1 + 1 + t**2 - 3 + 5*t. Calculate a(-5).
-1
Let c(m) = 28*m**2 - m + 1. Suppose 9*j = -66 + 75. Determine c(j).
28
Let p(m) = -241 + m**2 - 238 - m + 473. Suppose 0*c = -5*c. Calculate p(c).
-6
Let x = 1 - -3. Suppose 0 = -d + 2*s - 7*s + 14, 2*d - 4*s = 14. Let h = d - x. Let b(v) = -v**3 + 6*v**2 - 6*v + 1. Give b(h).
-4
Let z = -2 - -3. Let f(a) = -13*a - 1. What is f(z)?
-14
Let p be (-14)/12 + (-60)/(-40). Let f(y) be the third derivative of 0*y - 1/120*y**6 - 1/15*y**5 + 0 - p*y**3 + 2*y**2 - 1/12*y**4. Determine f(-4).
6
Let b = -1 - -2. Let d = 1 + b. Let i(k) = 4 + 2*k + k - 3*k**d - 5. Calculate i(2).
-7
Let r(w) = 2 + 4 - 4 - 2*w + 4*w. Determine r(2).
6
Let c(r) = r. Let y be c(0). Suppose 4*w - 5*z = 40, -3*w + y*z = -3*z - 27. Suppose -20 = 3*j - w. Let p(m) = -m - 5. Determine p(j).
0
Let w = -22 + 25. Let n(x) = 4*x - 1. What is n(w)?
11
Suppose -12 = -2*x - x. Let k(t) = -1 + 0 + 3*t**2 - x*t**2. Let d be 9 + -2 + 36/(-6). Determine k(d).
-2
Let c(a) = -3*a**2 - a + 2. Let t(y) = -9*y - 11. Let o be t(-1). Determine c(o).
-8
Let m(i) be the first derivative of 4*i**2 - i - 4. Calculate m(2).
15
Let f(i) = i. Let n(b) = 4*b - 4. Let t(s) = -6*f(s) + n(s). Suppose 9 + 15 = -4*p. Let m(z) = z**2 + 8*z + 9. Let d be m(p). Calculate t(d).
2
Let t(k) = 228*k**2 + 0 + 7 - 220*k**2 - k**3 - 7*k. Calculate t(7).
7
Suppose 6*u - u - 11 = -2*l, 0 = 2*u + 4*l - 14. Let p(m) = m**3 + 2*m**2 - 1. What is p(u)?
2
Suppose -w - 5 = -4*m, -5*w + 3*w = -4*m + 2. Let q = -1 + w. Let a(k) = 0 - k - q + 3. Calculate a(-4).
5
Let p(o) = -15*o**2 + o + 1. Let w = -11 - -10. Calculate p(w).
-15
Let b(x) = -x**3 + 5*x**2 - 1. Let u(z) be the first derivative of 2*z**3/3 + z**2/2 + 1. Let m be u(1). Suppose -3 = m*l - 18. Calculate b(l).
-1
Let n be (-52)/(-9) + 24/108. Let u(b) = -b**2 + 9*b - 2. Calculate u(n).
16
Let k(z) = 2 - 9*z**2 + z + 11*z**2 + 0*z. Calculate k(-2).
8
Let l(r) = 5*r**2 + 4*r + 8 - r + 0 - 9 + 2*r**3. What is l(-3)?
-19
Suppose 0 = 4*b - 4*d - 24, 4*b + 2*d + 2*d + 8 = 0. Let q(n) = -n**2 + 2*n**2 - b*n**2 - 2*n + 4. Let h be 162/(-39) + (-10)/(-65). Give q(h).
-4
Let v(b) = -28*b**2 - 5*b + 8. Let q(r) = -19*r**2 - 3*r + 5. Let l(x) = 8*q(x) - 5*v(x). Give l(1).
-11
Let u(d) = 4*d - 1. Let a be (6/(-9))/(2/6). Let k be -1 + 8 + (a - -1). Suppose -2*x - 8 = -k*x. Calculate u(x).
7
Let r(g) = -g - 3. Let v be r(-6). Let a be 2 - (-2 + 0/2). Let q(x) = -a + v*x + x + x - x. Calculate q(3).
8
Let n be ((-8)/(-5))/((-10)/(-25)). Let f(c) = -1 + 4 - c**2 - n - 2*c + 2. Give f(-4).
-7
Let l(n) = 1 + 2*n - n + 4. Let v(q) = q + 5. Suppose -a + 10 = -4*w, 2*a = -w - 1 - 6. Let j(d) = a*v(d) + 3*l(d). Calculate j(-5).
0
Suppose 2*a = 5 + 5. Suppose -3*q = a*z + 7, -2*z - 2 = 2*q - 0*z. Let u(p) = -10*p**2 + 2*p - 1. What is u(q)?
-9
Suppose -5*q = -7 - 13. Let f(s) = -4*s**2 + 8*s - 3. Let g(t) = -3*t**2 + 7*t - 3. Let y = 5 - 3. Let v(x) = y*f(x) - 3*g(x). What is v(q)?
-1
Suppose 9*i - 30 = 3*i. Let x(l) be the third derivative of -l**6/120 + l**5/12 - l**4/8 + 7*l**3/6 - l**2. Give x(i).
-8
Let t(f) = -1 + f**2 - 2*f + f + 5*f + 4. Let b be t(-4). Let u(h) = h**2 - 2*h. Give u(b).
3
Let f(c) = c**3 - c**2 + 6. Suppose 0 = 2*n - n. Suppose 6*l - 5*l = n. Calculate f(l).
6
Suppose -7*q = -3 + 17. Let r(f) = f**2 + f + 1. Calculate r(q).
3
Let p = 4 + -4. Suppose -3*f - y + 17 = p, 2*f + 7 = -0*f + 3*y. Let l(q) = 4*q**2 + 2 - 2*q**2 - 6*q + 3*q**2 - f*q**2. Calculate l(5).
-3
Let s be (-1)/(-4) + 26/(-8). Let w = s - -4. Let z(v) = v + 1. Give z(w).
2
Let q = 10 - 1. Suppose -3 + 5 = 2*s, -4*i = 3*s - 39. Let o(k) = -i - k + q. Calculate o(5).
-5
Suppose 4 - 16 = -2*l. Suppose -l + 2 = -2*n. Let k(j) = 2*j + 1. Give k(n).
5
Let j(l) be the first derivative of l**3/3 + l**2/2 + 2*l + 5. Give j(-4).
14
Let x(b) = -28*b + 6. Let d(t) = 5*t - 1. Let m(f) = -11*d(f) - 2*x(f). What is m(6)?
5
Let x = 4 + -10. Let j(n) be the third derivative of n**6/120 + n**5/10 - n**2 + 76. What is j(x)?
0
Let y = 24 + -28. Let p(i) = -i - 3. Determine p(y).
1
Let p(u) = u**2 - 3. Let h(o) = -6*o**2 + 14. Let c(t) = 2*h(t) + 11*p(t). Let l(b) be the first derivative of c(b). Give l(-5).
10
Let z(h) be the first derivative of h**3/6 + h**2/2 - 3*h + 3. Let k(c) be the first derivative of z(c). Let s be 2/(-8) - (-34)/8. Calculate k(s).
5
Let l(s) = 2. Let i(x) = x + 1. Let u(y) = -2*i(y) + 3*l(y). Determine u(-6).
16
Let c(j) = j**2 + 5*j + 3. Let v be c(-4). Let f(t) = -t + 1. Determine f(v).
2
Let g(o) = -10*o + 4. Let i(d) = -2*d + 1. Let c(n) = 3*g(n) - 14*i(n). Let a be 3/((-3 - 2)/5). Calculate c(a).
4
Suppose -o = 2*o. Let f = o + 1. Let t(s) = s**3 + 2*s**2 - 1. Calculate t(f).
2
Let l(n) = -2*n. Let w(m) = m - 2. Let t be w(3). Suppose 0 = -3*b + 2*b + t. Give l(b).
-2
Let m(y) = -5*y**2 - y**3 - 5*y + 12*y**2 - 4 + 0*y. Suppose 3*v = 15, 0 = 3*b + 4*v - 6 - 2. Let x = b + 10. Give m(x).
2
Let w(r) = r**2 + 5*r - 11. Let u(d) = d - 2. Let x(g) = 11*u(g) - 2*w(g). Calculate x(1).
-1
Let n(p) = 3 - 3*p + 10*p - 4*p. Calculate n(3).
12
Let f(u) = -u**2 + 7. Let h be 5 - (-3 - (0 + -8)). Give f(h).
7
Let x(h) = -2*h - 2 - 26*h**2 - 6*h + 27*h**2. Give x(8).
-2
Let b be (-63)/12 + 3/12. Let y = 4 - b. Let f(z) = y + z + 2*z - 5 - 2*z. Determine f(0).
4
Suppose 5*y - 2*m = m + 6, -2*y = -2*m. Suppose y*n + 25 = -2*n. Let c(u) = u + 5. Calculate c(n).
0
Let i(z) be the first derivative of -z**7/120 - z**6/180 + z**5/120 + 2*z**3/3 + 2. Let s(c) be the third derivative of i(c). What is s(1)?
-8
Let c(f) be the first derivative of f**3/3 - 3*f**2/2 - 4*f + 2. Give c(4).
0
Let i(j) = -j - 7. Let z be -2 - -3 - 2*3. Let k = -2 - z. Let c = k + -7. What is i(c)?
-3
Let i(n) = -8*n**2 - n. Let l be i(1). Let t be (4/(-2))/(3/l). Let g(z) = -z**2 + 7*z + 1. Calculate g(t).
7
Suppose -161 = -5*f - 61. Suppose -5*p + f = -0*p. Suppose -k + 2*k = y + p, 4*k - 21 = -y. Let h(r) = -r**3 - r**2 + 2*r - 1. Give h(y).
-1
Let l(u) = 8*u**2 + 4*u - 1. Let f(o) be the third derivative of 2*o**5/15 + 5*o**4/24 - o**3/3 + 2*o**2. Let y(h) = -2*f(h) + 3*l(h). Calculate y(-1).
7
Suppose -9*d + 4*d - 4*f = 0, -2*f - 30 = -5*d. Let z(v) = -5*v**3 + 4*v**2 + v**2 - 3*v - 3 + 0*v**3 + 4*v**3. Give z(d).
1
Let a(c) = c**2 - 6*c + 5 + 4 - 15. Calculate a(6).
-6
Let q(o) = 2*o - 9. Let t be (-16)/32*1*4. Let p = 4 - t. What is q(p)?
3
Let s(h) = -h**3 + 4*h**2 - 8*h - 10. Let t(w) = 2*w**3 - 9*w**2 + 17*w + 21. Let m(b) = 13*s(b) + 6*t(b). What is m(-3)?
11
Let q be (-114)/15 + (-12)/30. Let z(k) = k**3 + 9*k**2 + 11*k - 3. What is z(q)?
-27
Suppose 0 = -4*q - v - 1 - 7, 2*v - 2 = -2*q. Let i(x) = 2*x**2 + 5*x + 3. What is i(q)?
6
Let k(m) = -18 - m + 21 + 0. Give k(8).
-5
Let o(g) = -17*g - 4. Let z(b) = 6*b + 1. Let h(t) = -4*o(t) - 11*z(t). Give h(-6).
-7
Let n(v) = 2*v**2 + 2*v - 1. Suppose 0 = 2*w - 3*u - 2, -8 = 5*u + 2. Let j be n(w). Suppose j*r = 1 + 2. Let y(o) = -6*o**3 + 2*o**2 - 2*o + 1. Determine y(r).
-5
Let i(c) = -2*c - 3. Let j(h) = h**3 - 6*h**2 - 6*h - 2. Let y be j(7). Suppose y*v + 16 = 2*o, -v + 6*v + 4*o = 2. Let x be (v + 12)*4/(-8). Determine i(x).
7
Let z(p) = -4*p + 7. Let d(t) be the second derivative of t**3/6 - t**2/2 - 4*t. Let r(m) = 6*d(m) + z(m). What is r(-4)?
-7
Let x(q) = q**3 + 2*q**2 - 5*q - 3. Let b(j) = -4*j**3 + j**3 + 3*j**2 - j**2 + 4*j**3 - j + 3. Let n be b(-3). Give x(n).
3
Let t(q) = -q + 2. Suppose -i + 0*o + 19 = 5*o, -i = -5*o + 1. Let b = i - 4. Calculate t(b).
-3
Let q(p) = 13*p**2 - 5*p + 1. Let g(c) = -4*c**2 + 3*c**2 - 6*c**2 + 0*c**2 + 2*c. Let b(f) = -11*g(f) - 6*q(f). Give b(7).
1
Let q be (1 + 0/(-3))*2. Let k(v) = -3*v + q*v + 4 + 4. Let s be k(4). Let y(w) = w**3 - 5*w**2 + 4*w - 4. Calculate y(s).
-4
Let n be (-2 - -1)/((-4